 Suppose -254 = 6*p - c*p. Is p a composite number?
False
Let c be ((-13)/((-208)/(-8)))/((-1)/4). Let w(a) = 520*a + 9. Is w(c) prime?
True
Let f(y) = 148*y**3 + 9*y**2 - 12*y - 1. Let g be f(7). Suppose -4*v + 5*d = -40909, 11*v - 3*d - g = 6*v. Is v a prime number?
False
Let j be -2 - 21/14*(-8)/3. Suppose -1512 = -j*m + 4*r, -r + 4*r - 761 = -m. Is (m/2)/1 + -2 a prime number?
False
Let p(x) = -2*x**2 - 60*x**3 - 88*x + 74*x + 18 - 24 + 59*x**3. Let l = -10 - -3. Is p(l) a prime number?
True
Is 2*(-13 - (-18)/2 - (-501102)/4) a composite number?
False
Let s = 23367 + -16190. Is s a prime number?
True
Let b(v) = v**3 - 6*v**2 + 7*v - 11. Let w be b(5). Is w*(-20)/(-8)*-1306 a prime number?
False
Let t(c) = -c**3 - 10*c**2 + 11*c + 5. Let o be t(-11). Suppose -w + 44 = 5*a, -2*w + 4*w - 58 = 5*a. Suppose -2901 - w = -o*u. Is u a prime number?
True
Is 95902/(-2)*(28 + -29) a composite number?
False
Let g(n) = -5709*n + 3. Let x be g(-1). Suppose 0 = 6*d + 2*d + x. Let h = 1511 + d. Is h a composite number?
False
Let b(z) be the third derivative of 5*z**4/3 + 49*z**3/6 + 4*z**2. Suppose -v + 4*q = 3, -v = -3*q + 5*q - 15. Is b(v) prime?
True
Let w be (-30580)/(-35) - (-2)/14*2. Let d = w - 339. Is d a composite number?
True
Let p(q) = 529*q**2 - 25*q + 569. Is p(14) a composite number?
False
Let w(h) be the second derivative of -6253*h**3/6 - 63*h**2 + 3*h - 10. Is w(-5) composite?
False
Let t = 69 - 40. Let n = 48 + t. Is n prime?
False
Let o = 170 + -145. Suppose 404970 = -o*p + 55*p. Is p prime?
True
Suppose -55*t + 53*t + 4 = 0. Let q(d) = 402*d - 13. Is q(t) prime?
False
Let v(g) = 304*g**3 + 2*g**2 - 1. Suppose f = 4*l + 7, l = 2*l. Let b = 8 - f. Is v(b) prime?
False
Let k(g) = -g**2 - 11*g + 30. Let c be k(-13). Suppose 5851 = 4*v + 5*y - 7498, -c*y - 16717 = -5*v. Is v a composite number?
True
Suppose 0 = -65*p + 70*p - 306960. Let s = p - 43449. Is s a prime number?
False
Is 5*1*(6/(-4))/((-375)/2374550) prime?
True
Let r be (-4)/(-3)*(-12)/(-16)*2. Suppose r*d = u - 2*u + 2288, -5*u + 3432 = 3*d. Let t = d - 357. Is t composite?
False
Suppose -f + 3*v = -158, -164 = -21*f + 20*f + 5*v. Let a = f + 740. Is a prime?
False
Let c(i) = 1271*i - 1463. Is c(20) a prime number?
True
Suppose w + 5*f - 230 = 0, 6*w - 4*w = -3*f + 481. Let o(v) = 16*v - 252. Let q be o(12). Let t = w + q. Is t composite?
True
Is (6 - 376690/60)*-18 composite?
True
Let j(i) be the second derivative of 43*i**4/12 - i**3 - 9*i**2 - 68*i. Is j(-4) prime?
False
Let t = 258144 + -136357. Is t a composite number?
False
Let k(t) = -2429*t - 2. Let h = -89 - -59. Let r(c) = c + 29. Let p be r(h). Is k(p) a composite number?
True
Suppose -3*h = -h. Suppose -l + 46 - 44 = h. Is (-3 - (l - 3)) + -1 + 62 a composite number?
False
Let z = 320553 + -170512. Is z a composite number?
False
Let c = -33 + 37. Suppose 2*g - c*x + 22 = -0*x, 4*g = 4*x - 24. Is (5 + -2)/(2 + g) - -188 a prime number?
True
Let v(r) = -r. Let o(g) = 136*g + 52. Let k(d) = -o(d) - 3*v(d). Is k(-17) a composite number?
True
Suppose -4*w + 89 + 47 = -4*d, 0 = 2*d + 5*w + 47. Let h(o) = -o**3 - 32*o**2 - 55*o + 73. Is h(d) a prime number?
False
Let x(q) = -q**3 + 15*q**2 + 16*q - 8. Let g be x(16). Let w be (-2)/4 - 20/g. Suppose w*d - 2*y = 308, 4*d - 987 = -3*y - 343. Is d a composite number?
True
Suppose -2 + 1538 = 32*u. Suppose 8*z - 1321432 = -u*z. Is z a prime number?
False
Let f be (-3 - -780)*(-49)/(-21). Let y = f + -854. Is y composite?
True
Suppose -35*n + 7577442 = 19*n. Is n a composite number?
True
Is 4/((-120)/(-90))*243062/6 composite?
False
Let c(a) = -113*a**2 - 13*a + 15. Let p(u) = -112*u**2 - 13*u + 16. Let h(m) = -4*c(m) + 3*p(m). Is h(5) a prime number?
True
Is (-105633 - ((-2)/1 + 0))*(-1 - 0) a prime number?
False
Let r = 69589 + 160560. Is r a prime number?
True
Let s(v) = 5016*v + 4355. Is s(62) a prime number?
False
Suppose -8*h = 8*h - 4*h - 4399932. Is h composite?
True
Suppose -10*c + 9 = -7*c. Suppose -3*u = -4*x + 3, 2*x + 5*u + 2 = c*u. Suppose 2*z = -0*f - 5*f + 1510, x = 2*z - 3*f - 1478. Is z composite?
True
Let a be (-189)/(-18)*(-2)/(-3). Let r(f) = 64*f**2 + 5*f + 26. Is r(a) prime?
False
Let w = 59 - 27. Let d = 34 - w. Suppose -d*y - 11247 = -5*v, 4*v = -4*y + 6*y + 8996. Is v prime?
True
Let b be (-7)/4*6/(-21)*152. Suppose -60*o + b*o = 56336. Is o composite?
True
Suppose 0 = -x + 46523 - 4836. Suppose 2*o = 5*h + 18122 + x, -5*h = 4*o - 119573. Is o prime?
False
Suppose y - 3*n - 52 = 2*y, y + 60 = -5*n. Let k = -37 - y. Suppose 0*w = 2*i + k*w - 1051, 12 = 4*w. Is i a prime number?
True
Let d = 283 - 285. Is (d + 3833)*(-1)/(-3) prime?
True
Suppose 4*d = -4*v - 4, 15*v - 11*v + 12 = 0. Suppose -4*n - 46 = 4*i - 6, -d*i = -3*n. Is 3/i*(-7)/(21/4470) a prime number?
False
Let w = 51413 + 27882. Is w prime?
False
Suppose -100*q + 121*q = 39263511. Is q composite?
False
Let g = -71 - -75. Is (12951/36)/(1/g) composite?
False
Suppose 348400 = -5*r - 672275. Let t be (8/12)/(5/(r/(-2))). Suppose -4*n + 8488 = 3*a - 9664, 3*n + a - t = 0. Is n prime?
False
Let v(q) = 2027*q - 2489. Is v(26) prime?
False
Suppose 4*x - 437296 = 4*i, 0 = 3*x - 4*i - 338536 + 10571. Is x a composite number?
False
Suppose 2*h - 10967 = b + 24177, -5*h + b = -87851. Is h a prime number?
True
Suppose 23*v = 18*v + 31890. Suppose a = -a + v. Is a a prime number?
False
Let q = 627 + -435. Let n = 4971 + q. Is n prime?
False
Suppose 4*d - 4*l - 9 = 23, d = 5*l. Suppose -3*v = -5*a - 4, -2*v - 2*v + 2*a = -d. Suppose p = -4*p - 4*b + 8275, v*b = 15. Is p prime?
False
Suppose 3*b = -6, -72*z + 70*z = -b - 1188724. Is z composite?
True
Let k = -28 + 37. Let s(r) = -1 - 14*r**3 + 5*r + 10*r**3 + 7*r**3 - 12*r**2. Is s(k) composite?
False
Let u be 255/30 + 3/2. Suppose -4*b = 3*h - 24512, u*b - 9*b - 6127 = -h. Is b prime?
True
Let p = 7690 - -3987. Is p composite?
False
Let t(h) = 64819*h**3 + 6*h**2 - 2*h - 1. Is t(1) composite?
True
Let u be ((-22)/(-55) + 149732/(-30))*-3. Suppose -4*h = -u - 5940. Let r = h + -2385. Is r a composite number?
False
Suppose 27*x + 66*x - 27*x = 514734. Is x a prime number?
False
Let x(c) = 2*c**2 + 19*c + 11. Let k be x(-9). Let h(a) = -6 + 4*a + 22*a**3 - 4*a**k - a - 4 - 3. Is h(3) a composite number?
True
Let l(y) = -814*y**3 - 4*y**2 - y + 1. Suppose -4*x + 5*x = 0, 12 = -4*g + x. Is l(g) composite?
True
Suppose 0 = 9*u - 5*l - 128023, 5*u - 8*l = -11*l + 71147. Is u a composite number?
True
Is ((-10)/120)/(3/(-1580004)) composite?
False
Let d(b) = -b**3 + 9*b**2 - 9*b - 2. Let f be d(8). Let m be (-4 + (-9)/(-6))*32/f. Suppose 0 = -k - 3*j + 101, 2*j = -0*j - m. Is k prime?
True
Let z = -133 - -133. Suppose z = 21*r - 22*r + 6947. Is r prime?
True
Let j(r) = -72561*r - 6616. Is j(-13) a composite number?
True
Suppose 4*p + 3*f - 5*f - 42 = 0, -2*f + 10 = 0. Is p + 8255 + (3 - 2) a composite number?
False
Let x be 27/63 + (-108)/7. Is 6/(-4)*(8750/x + 8) a composite number?
False
Let z be 20350/(-4) + 476/136. Is z/186*(1 - (-185)/(-2)) a prime number?
False
Let h(u) = 1381*u + 66. Let g be h(9). Suppose 1177 = 2*w + 2*c - 7135, 3*w - 6*c - g = 0. Is w prime?
True
Is 390697/285 - (52/60 - 1) composite?
True
Let n(a) = -96*a**3 - 4*a**2 + 16*a + 461. Is n(-11) composite?
True
Let l = -1746 + 446. Let b = 169 - l. Is b a prime number?
False
Let y = 21 - 74. Let l = y - -43. Is -3 - (l - 0/(-2)) a composite number?
False
Suppose -13*h = -12*h - 110. Let i = 321 - h. Is i composite?
False
Suppose 3*d + 125 = -u - 105, 218 = -3*d - 4*u. Let c = d + 81. Suppose 0*s + 2193 = s + 4*h, -c*s - 3*h = -6543. Is s prime?
False
Let m(o) = -97*o**2 + 5*o - 8. Let y be m(-9). Let k = y + 2177. Let u = k - -8092. Is u a composite number?
True
Let i(k) = -k**3 + 2*k**2 + 27*k - 73. Let o be i(4). Suppose 5*n + 14354 = o*r, r = -5*n + 764 + 4014. Is r composite?
False
Let j(u) = -14 - 5 + 12*u**2 + 15*u + 3*u**2 + 10*u**2. Let m be j(-10). Suppose m = 9*w - 5670. Is w a composite number?
True
Let u = 561159 - 266170. Is u composite?
False
Is (44 + (-2063625)/50)/((-1)/2) a prime number?
True
Suppose 0 = 4*u - 3*b + 8, -8*u + 7*u + 17 = 4*b. Is 1/(((-4432)/1478 - -3)/u) a prime number?
True
Suppose 5 = 3*q - 7. Let o be ((-10)/(-15) + q/(-6))/(-2). Suppose -d = -o*d - 5*x